809232?
False
Is 20 a factor of 77804485?
False
Is 14337609 a multiple of 225?
False
Is 1181 a factor of 204135060?
False
Is 971 a factor of 112487437?
True
Is 12 a factor of 25433376?
True
Is 116284080 a multiple of 1496?
True
Does 419 divide 14972545?
False
Does 15 divide 84884494?
False
Is 31921179 a multiple of 43?
True
Does 3 divide 38305072?
False
Does 13 divide 10136904?
False
Is 335377685 a multiple of 995?
True
Is 1086181200 a multiple of 120?
True
Is 19050782 a multiple of 2197?
False
Is 75718474 a multiple of 1747?
True
Is 148584072 a multiple of 2294?
False
Is 1996 a factor of 70932163?
False
Is 1771 a factor of 43501073?
True
Is 14 a factor of 356308918?
True
Does 22 divide 680108348?
False
Is 52 a factor of 355317603?
False
Is 183 a factor of 86709975?
True
Does 69 divide 24239102?
False
Is 2470998390 a multiple of 24?
False
Is 1465645698 a multiple of 759?
True
Is 11 a factor of 57071?
False
Is 59864376 a multiple of 78?
True
Is 15 a factor of 35915527?
False
Is 169 a factor of 283060297?
True
Is 787 a factor of 138839778?
False
Is 4654 a factor of 471417622?
True
Is 2628 a factor of 155406780?
True
Is 296023355 a multiple of 771?
False
Is 697 a factor of 56954595?
False
Does 28 divide 15269072?
True
Is 23985724 a multiple of 7?
True
Is 72497852 a multiple of 49?
True
Does 2 divide 695950?
True
Is 407778018 a multiple of 293?
False
Is 181 a factor of 20868033?
True
Does 20 divide 2630358?
False
Is 2544 a factor of 22131301?
False
Is 38402896 a multiple of 14?
True
Is 639 a factor of 563811386?
False
Is 17 a factor of 9107559?
False
Does 1383 divide 494075995?
False
Does 6043 divide 736945499?
False
Does 1032 divide 23558496?
True
Does 250 divide 249338704?
False
Is 92032081 a multiple of 3986?
False
Is 46 a factor of 40206426?
False
Is 871 a factor of 1524628885?
True
Is 134285960 a multiple of 184?
True
Is 215 a factor of 2645634770?
True
Is 74551091 a multiple of 69?
False
Is 16 a factor of 2317169616?
True
Does 27 divide 119652903?
True
Is 443957665 a multiple of 246?
False
Does 176 divide 4435340562?
False
Does 67 divide 287375382?
False
Is 10 a factor of 598850?
True
Is 287157927 a multiple of 14?
False
Is 38 a factor of 236397136?
False
Is 16 a factor of 2504352964?
False
Does 152 divide 1788021296?
True
Does 59 divide 131891314?
True
Does 657 divide 138776139?
True
Is 8073918 a multiple of 81?
True
Is 73 a factor of 176115639?
True
Does 265 divide 4406392?
False
Does 2 divide 25805598?
True
Is 57991003 a multiple of 7?
True
Is 500918210 a multiple of 467?
True
Does 2837 divide 610278418?
True
Is 1189 a factor of 1677494705?
True
Is 444650116 a multiple of 17?
False
Does 85 divide 339219218?
False
Is 1153073867 a multiple of 8?
False
Does 15 divide 168325663?
False
Does 522 divide 1159525908?
True
Is 16209245 a multiple of 17?
True
Does 3068 divide 196063608?
True
Does 508 divide 129130631?
False
Is 779846050 a multiple of 17?
False
Is 236 a factor of 1787245827?
False
Does 5507 divide 468563313?
False
Does 412 divide 11278088?
True
Is 62 a factor of 208973916?
False
Is 791 a factor of 1981886095?
True
Does 144 divide 194091696?
True
Is 432 a factor of 26938566?
False
Is 1607 a factor of 402375123?
True
Is 36089760 a multiple of 168?
True
Is 10 a factor of 130349557?
False
Is 13690269 a multiple of 123?
True
Is 255 a factor of 119005440?
True
Does 341 divide 89735141?
False
Is 1812113690 a multiple of 112?
False
Does 85 divide 391913180?
False
Does 15 divide 11284848?
False
Is 674 a factor of 53443482?
True
Is 94 a factor of 98371417?
False
Is 821 a factor of 15786831?
False
Is 29 a factor of 2972529?
True
Does 3275 divide 194263915?
False
Is 182 a factor of 518332906?
True
Is 8 a factor of 373888819?
False
Is 21362078 a multiple of 23?
True
Is 74314470 a multiple of 1830?
True
Is 816315540 a multiple of 4876?
True
Does 34 divide 11577934?
False
Is 7625467 a multiple of 25?
False
Does 433 divide 12709416?
True
Is 66039084 a multiple of 14?
False
Does 356 divide 221120500?
True
Is 3451 a factor of 456262898?
False
Is 319567470 a multiple of 386?
True
Is 8463564 a multiple of 26?
False
Does 237 divide 1732999221?
True
Does 69 divide 113489682?
True
Is 8197615 a multiple of 241?
True
Does 26 divide 7307014?
True
Is 590004102 a multiple of 6?
True
Does 3 divide 6527297?
False
Is 442250069 a multiple of 172?
False
Is 20 a factor of 3813092180?
True
Is 7106680 a multiple of 340?
True
Is 55161444 a multiple of 838?
False
Is 708229281 a multiple of 474?
False
Is 34 a factor of 26283386?
False
Is 496 a factor of 335668496?
True
Does 14 divide 71810168?
False
Is 467 a factor of 2562386036?
True
Is 74 a factor of 2101825552?
True
Is 2016368055 a multiple of 181?
True
Does 4204 divide 1578934116?
True
Does 47 divide 45852665?
False
Does 89 divide 2616232430?
True
Is 10 a factor of 3048939?
False
Is 281695 a multiple of 35?
False
Does 30 divide 16026750?
True
Does 82 divide 2515310?
False
Is 9 a factor of 37860172?
False
Is 19559 a factor of 1481677528?
False
Is 2790446 a multiple of 2?
True
Is 381 a factor of 10834878?
True
Is 35767521 a multiple of 283?
True
Does 1355 divide 183518547?
False
Does 78 divide 1076703026?
False
Is 379 a factor of 442569291?
True
Is 23 a factor of 19057501?
True
Is 1313 a factor of 256876985?
False
Is 4531623 a multiple of 3?
True
Does 34 divide 20567822?
False
Is 9242577 a multiple of 193?
True
Is 3038779286 a multiple of 537?
False
Is 1517014 a multiple of 63?
False
Does 4 divide 607588?
True
Does 80 divide 399789147?
False
Is 245677754 a multiple of 13?
False
Is 86 a factor of 7474038?
False
Does 9 divide 1001475?
True
Is 776 a factor of 863066?
False
Does 83 divide 589505699?
False
Is 1220 a factor of 60010600?
False
Is 7205824 a multiple of 16?
True
Is 897496478 a multiple of 1019?
True
Is 477877035 a multiple of 173?
True
Is 1046393106 a multiple of 337?
False
Is 76363676 a multiple of 4?
True
Does 1705 divide 45231945?
True
Is 1586 a factor of 1006874737?
False
Is 4 a factor of 95134991?
False
Is 3072 a factor of 79497216?
True
Is 10371418 a multiple of 2036?
False
Is 3181783170 a multiple of 653?
False
Is 46918676 a multiple of 98?
True
Is 1642287676 a multiple of 92?
True
Does 22 divide 80940857?
False
Does 189 divide 253129590?
True
Is 38975534 a multiple of 13?
True
Is 134623148 a multiple of 121?
True
Is 394213788 a multiple of 3684?
True
Is 113280583 a multiple of 7367?
False
Is 18 a factor of 191070556?
False
Is 6464 a factor of 1021018158?
False
Does 95 divide 98661110?
True
Is 70 a factor of 961382800?
True
Is 1055 a factor of 1100971017?
False
Does 25 divide 4301124?
False
Does 351 divide 14486472?
True
Is 27196627 a multiple of 9?
False
Does 52 divide 1984194056?
True
Is 7045888 a multiple of 3238?
True
Is 9 a factor of 221438491?
False
Is 379140296 a multiple of 33?
False
Is 539689155 a multiple of 400?
False
Is 692 a factor of 3543948596?
True
Does 185 divide 68961326?
False
Is 35682282 a multiple of 55?
False
Is 404530558 a multiple of 6?
False
Is 921749556 a multiple of 21?
True
Is 103 a factor of 1227293734?
False
Does 3013 divide 237568578?
False
Does 142 divide 494710738?
False
Is 149940957 a multiple of 17?
False
Does 59 divide 919870947?
True
Does 25 divide 1737712?
False
Does 121 divide 66032241?
True
Is 182375711 a multiple of 199?
False
Does 37 divide 67221735?
False
Is 73224836 a multiple of 134?
True
Does 1694 divide 5681676?
True
Is 52 a factor of 47526193?
False
Is 16 a factor of 192723730?
False
Does 111 divide 85328798?
False
Is 147 a factor of 84263126?
False
Is 273 a factor of 1529609991?
True
Does 1456 divide 21640528?
True
Is 390907324 a multiple of 170?
False
Does 39 divide 320011965?
True
Does 12 divide 288584242?
False
Does 7 divide 5961438?
True
Is 477 a factor of 66319928?
False
Is 4562781 a multiple of 173?
False
Is 1607705 a multiple of 7?
False
Is 1568924261 a multiple of 16?
False
Does 15 divide 892317945?
True
Does 16 divide 25209760?
True
Is 657963852 a multiple of 13?
True
Does 101 divide 125977361?
False
Is 2184030025 a multiple of 3425?
True
Does 1711 divide 19075939?
True
Is 295 a factor of 111184918?
False
Does 231 divide 23338911?
False
Is 44039068 a multiple of 21?
False
Is 925 a factor of 225898130?
False
Is 4 a factor of 2307350?
False
Is 99